+ 5*f - 14 = -v. What are the prime factors of v?
11
Let g(v) = -v**3 - 6*v**2 - 7*v - 5. Let o be g(-5). Let x be ((-8)/10)/(1/(-5)). Let l = x + o. What are the prime factors of l?
3
Suppose 0*z = 5*k + 2*z - 459, -k = -4*z - 83. What are the prime factors of k?
7, 13
Let h = -2 - 5. Let x = h + -8. Let q = -5 - x. What are the prime factors of q?
2, 5
List the prime factors of 51 + (4 + -6)/1.
7
Suppose -4*y + 1573 = 5*j, 2*y + 133 - 918 = -3*j. List the prime factors of y.
397
Suppose 4*r - 294 = -1686. List the prime factors of (-4)/(-28) - r/14.
5
Let d be (-3)/6 - 7/(-2). Let b = 11 + d. What are the prime factors of b?
2, 7
Let a(j) be the first derivative of j**4/4 - 7*j**3/3 + j**2/2 - 7*j + 2. Let d be a(7). Suppose 10 = -d*x + x. What are the prime factors of x?
2, 5
Suppose 8*b - 3*b - 75 = 0. List the prime factors of b.
3, 5
Let f = -17 + 32. What are the prime factors of f?
3, 5
What are the prime factors of (-7 + (-21)/(-9))/(1/(-33))?
2, 7, 11
Let m(g) = 9*g + 1. Let d be m(-1). Let r be (-2)/(-8) - 30/d. Suppose r*a - 10 = -a. List the prime factors of a.
2
Let o(m) = 5*m**3 + 35*m**2 - 12*m + 65. Let t(a) = a**3 + 9*a**2 - 3*a + 16. Let l(b) = 2*o(b) - 9*t(b). What are the prime factors of l(11)?
19
Let s(b) = b**2 - 6*b - 6. Let m be -12*((-15)/4)/5. Suppose -2*a + 5*q = m, -5*q = 3*a - 8*a + 15. List the prime factors of s(a).
2, 5
Let m(d) = -d**2 - d + 11. Let x(y) = y - 4. Let h be x(7). Suppose 0*n = -h*n. What are the prime factors of m(n)?
11
Suppose m + 35 - 139 = 0. List the prime factors of m.
2, 13
Let v(f) = f + 2. Let w be v(2). Suppose 3*r - w*m - 14 = 58, 4*r + 5*m = 65. Let b = r + -2. List the prime factors of b.
2, 3
Let t = -56 - -98. Suppose 0 = 2*y - t - 10. What are the prime factors of y?
2, 13
Suppose -11*g + 5*g + 90 = 0. List the prime factors of g.
3, 5
Let c(m) = m**2 + 2*m + 6. Let h be c(-6). Suppose h = 4*a + a. Let q(l) = l**3 - 6*l**2 + 2*l - 5. What are the prime factors of q(a)?
7
Let x(f) = f - 1. Let j be x(3). Suppose 0*o - j*o - 6 = 0. Let n = o - -8. List the prime factors of n.
5
Suppose -3*i = i - 400. List the prime factors of i.
2, 5
Let s(w) = -w**3 - 6*w**2 - 4*w + 5. Let b be s(-6). Let h = b - 16. List the prime factors of h.
13
Suppose 3*m - 432 = -0*m. Let v = 201 - m. List the prime factors of v.
3, 19
Let l = 11 - 17. Let g = l - -8. What are the prime factors of g?
2
Let m = -3 - -6. Suppose m*a + 5 = 3*p + 14, -4*p + 3*a = 9. Suppose p = q + 2*q - 33. List the prime factors of q.
11
Let u = 11 - 3. List the prime factors of u.
2
Let n(k) be the third derivative of 13*k**4/24 - 3*k**3/2 + 3*k**2. Let x be n(6). Suppose -5*g + x = -11. List the prime factors of g.
2
Suppose 115*v = 114*v + 20. List the prime factors of v.
2, 5
Let h(u) = -u**3 - u**2 + 2*u - 1. Let w be h(-2). List the prime factors of (-2)/(-2) + (15 - w).
17
Let g be (244/6)/((-2)/(-3)). Let i = g + -32. What are the prime factors of i?
29
Let c(l) = l**3 + 18*l**2 + 14*l - 32. List the prime factors of c(-17).
19
Let c(j) be the third derivative of j**6/120 + 2*j**5/15 + j**4/24 + 4*j**3/3 - 3*j**2. Let p be c(-8). What are the prime factors of (p - (-9 - 1))/2?
5
Let g(b) = -37*b + 1. Let a be g(1). Let r = -15 - a. List the prime factors of r.
3, 7
Suppose a + 2*a + 3 = 0, 5*a = -3*j - 5. Let p = -24 - -14. List the prime factors of (3 + j)*p/(-3).
2, 5
Let f(t) be the second derivative of 7*t**6/720 - t**5/60 - t**4/4 - 4*t. Let k(i) be the third derivative of f(i). What are the prime factors of k(2)?
2, 3
Suppose -33 + 6 = 3*r. Let l(f) be the third derivative of -f**5/60 - 3*f**4/8 + 3*f**3/2 - f**2. What are the prime factors of l(r)?
3
Let d(u) = -u + 8. Let r be d(6). Suppose 4*t - 33 = r*f + 3*f, 54 = 4*t + 2*f. List the prime factors of t.
2, 3
Suppose -3*w + 4 = -2. Suppose 2*q - 4 = q + d, -12 = -4*q + 2*d. Suppose -2*v = -q, -w*v = p - v - 10. List the prime factors of p.
3
Let v = -11 + 6. Let d = v + 12. What are the prime factors of d?
7
Suppose 0 = 3*k + 25 - 115. List the prime factors of ((-7)/2)/((-3)/k).
5, 7
Suppose 0 = 2*g - 0*l - l - 37, -52 = -3*g + 5*l. Suppose 16 = -4*z, 2*t = -t - z + 23. Suppose 4*y - g = t. What are the prime factors of y?
7
Let n be ((-826)/4)/7*-2. Let g = -28 + n. List the prime factors of g.
31
Let j = 6 + -3. Suppose 5*u = -j*p + 24, 0 = 4*u + 6*p - p - 14. Suppose -30 = -u*h + h. What are the prime factors of h?
2, 3
Let d(b) = b**3 + 7 + 0*b**2 + 7*b + 3*b**2 + 4*b**2. Let q be d(-6). What are the prime factors of 2/1 - (-1)/q?
3
Suppose 5*z - 35 = -a, -4*a + 3*z + z = -140. Suppose 6*f - a = f. List the prime factors of f.
7
Let w be 3 - 2*-1 - 0. Suppose -36 = -w*h - 16. What are the prime factors of h?
2
What are the prime factors of (-517)/(-22) - (-2)/(-4)?
23
Suppose -12 - 8 = -4*t. Suppose 0 = -t*p + 2*c + c + 116, -5*p + c + 122 = 0. List the prime factors of p.
5
Let i(m) = -212*m**3 + m**2 + 2*m + 1. What are the prime factors of i(-1)?
2, 53
Suppose 3*j + 3*b = -b + 2, 4*j = b + 9. Suppose -j*a = -6*a. Suppose -5*f + a*f = -20. List the prime factors of f.
2
Let p = 12 - -4. What are the prime factors of p?
2
Let b(r) = r**2 - 6*r - 4. Let j be b(7). Suppose 0*w = -3*i - w + 91, -j*w + 128 = 4*i. Let x = 40 - i. What are the prime factors of x?
11
Let y(b) = -1 + 1 - 2*b - 1. Let p = -4 - -1. List the prime factors of y(p).
5
Let x(t) = 3*t - 1. Suppose z - 4*j - 4 = 0, -j = 5*z - 34 + 14. Suppose z*c - 5 = 5*c, -1 = -2*p - c. What are the prime factors of x(p)?
2
Let h be (-2 - -5)/(3/4). Suppose j - o = -3, 0 = -j + 3*o - 9 - h. List the prime factors of j.
2
Let a(v) = v**3 - 2*v + 2. List the prime factors of a(4).
2, 29
Let l be ((-1)/(-2) + 1)*-2. Suppose -4*x - 7 = 49. Let i = l - x. What are the prime factors of i?
11
Suppose 0 = -2*m + 5*m - 219. List the prime factors of m.
73
List the prime factors of 0*((-9)/6 + 2) - -27.
3
Suppose b = 3*i + 1, -3*i = 5*b - 2*i - 21. Let w(l) = -2*l**2 + 1 + 3*l**3 + 2 + 2*l - b*l**3. What are the prime factors of w(-3)?
2, 3
Let k(h) = 3*h**2 + 4*h + 6. List the prime factors of k(-5).
61
Suppose -3*d + 4 = -29. Suppose 7*k + 196 = d*k. List the prime factors of k.
7
Let f = 6 + -3. Suppose 2*c - 7 - 4 = j, 3*c + f*j = -6. What are the prime factors of c?
3
Suppose 4 = 3*n - 2. Suppose -3*l = -n*w - 98, 0 = 5*w - 14 + 4. List the prime factors of l.
2, 17
Let x(q) = 6*q**2 + 2*q + 1. Let m be x(-3). Suppose 5*y - 5*j = -64 + 164, -2*y - j + m = 0. List the prime factors of y.
23
Suppose 136 = q + 4*l + l, 4*q - 4*l = 424. List the prime factors of q.
3, 37
What are the prime factors of (-2)/7 + (-3)/21*-30?
2
Let w = 33 + -7. List the prime factors of w.
2, 13
Let l(a) be the first derivative of a**2/2 + 2. Let z(x) = x**2 - x - 3. Let n(h) = 6*l(h) + z(h). List the prime factors of n(-7).
11
Let u(z) = 2*z**2 - 14*z - 16. What are the prime factors of u(15)?
2, 7
Let t(h) = -3 + 4 - 8*h - 6. Let d be t(-4). Suppose -2*r + 5*r + 16 = -5*i, 4*r - 3*i - d = 0. List the prime factors of r.
3
Let f = -1 + 1. Suppose 0*g - 5*v - 47 = -g, 2*g = 2*v + 110. Suppose -5*c = -5*q + 88 + 17, f = 2*q - 5*c - g. List the prime factors of q.
2
Let d be 6*(-6)/(-9) + -1. Suppose d*g = -1 + 7. List the prime factors of g.
2
Suppose 4*j + 443 = 1595. What are the prime factors of j?
2, 3
Let s(h) = h**2 - 3*h - 7. What are the prime factors of s(8)?
3, 11
Let v be 8/(24/10 + -2). Let b = 12 + v. What are the prime factors of b?
2
Let n(h) = h**2 - h + 2. Let d(l) be the third derivative of -l**4/24 - 5*l**3/3 - 3*l**2. Let p be d(-7). What are the prime factors of n(p)?
2, 7
Suppose 3*c + 5*f - 150 = -2*c, -5*f = -3*c + 50. What are the prime factors of c?
5
Let w(i) = i**2 - 2*i - 1. Suppose 6*m = 3*m + 15. Suppose 2*l - 14 = -m*f, 2*l = 3*f + 3*l - 9. What are the prime factors of w(f)?
7
List the prime factors of (-2)/(-5) + 913/5 + 3.
2, 3, 31
Let s = 4 - 14. Let q = 22 - s. What are the prime factors of q?
2
Let f(x) = 3*x**2 - 6*x - 3. Let c(r) = -3*r**2 + 7*r + 4. Let m(z) = 5*c(z) + 6*f(z). What are the prime factors of m(4)?
2, 23
Let d = 12 - 3. Suppose -d = -v + 6. List the prime factors of v.
3, 5
What are the prime factors of (-1)/6 + (-1295)/(-30)?
43
Suppose 2*n - 16 = 46. What are the prim